 0*p + c = 0, -4*y + 944 = -4*p. Let t = y - 152. What are the prime factors of t?
2, 43
Let x(l) be the third derivative of -l**6/120 - l**5/12 + 5*l**4/12 + 11*l**3/3 + 183*l**2. List the prime factors of x(-11).
2, 11, 29
Let r = -264 + 478. Let n = 750 - r. What are the prime factors of n?
2, 67
Let z(j) = -37*j + 18*j + 20*j - 11. Let r be z(12). Let y(x) = 49*x + 1. List the prime factors of y(r).
2, 5
Let a(j) = j**2 - 13*j - 16. Let o be a(14). Let c(b) = -37*b + 6. What are the prime factors of c(o)?
2, 5
Suppose 1644*o = 1614*o + 297210. What are the prime factors of o?
9907
Suppose -68490 + 12611 = -5*m - 3*r, -2*m = 3*r - 22357. List the prime factors of m.
2, 37, 151
Let l be (-3)/2 + (-2392)/(-368). Suppose 2*u + 3*r = 5*u, -3*r = 5*u - 32. Suppose 3 = 3*t - 3, -l*x + 88 = u*t. List the prime factors of x.
2
Let g(z) = 217*z**2 + 5*z - 2. Let t(q) be the first derivative of -q**3/3 - 6*q**2 - 26*q + 27. Let u be t(-9). What are the prime factors of g(u)?
2, 5, 11
Let o = 122 + 84. What are the prime factors of o*(7 - 11/2)?
3, 103
Suppose -h = 141 + 119. Suppose 141*o = 60923 + 1681. Let i = o + h. List the prime factors of i.
2, 23
Suppose -5*k = -3*b + 94, 8*k = 5*b + 3*k - 150. Suppose 22*x - 8*x - b = 0. Let o(c) = 47*c**2 + 2*c - 8. What are the prime factors of o(x)?
2, 23
Suppose -5*g = -10, -2*g + 60 = -d + 253. Let k = 339 - d. What are the prime factors of k?
2, 71
Let h(u) be the third derivative of -53*u**6/120 + u**5/60 + u**4/12 + u**3/3 - 18*u**2. Let o be h(-1). Let d = 46 + o. List the prime factors of d.
2, 5
Suppose 42 = 3*p + 3*p. Let h(q) = 164*q**2 + 4 + p + 8 - 20. What are the prime factors of h(1)?
163
Let n be 17 - (0/5)/(3 + -1). Let r = 155 - 263. Let a = n - r. What are the prime factors of a?
5
Let u = -44 + 46. Suppose 4*l + 4*d = 6*l - u, 0 = 5*d. Suppose y = 1 + l. List the prime factors of y.
2
Let z be (-1 + 0)/(16/(-48)). Suppose 4*v = -2*q - 178, 0 = 5*v - z*q - 0*q + 217. Let f = v + 113. List the prime factors of f.
3, 23
Suppose -5*q = -3*v + 31915, -2*v = 4*q - 8933 - 12351. What are the prime factors of v?
2, 5, 7, 19
Suppose k + 3*k - 3*u = 600, 5*u - 632 = -4*k. Let x = 255 - k. What are the prime factors of x?
2, 3, 17
Let h = -117 + 124. Suppose 0 = 5*w + h*w - 720. What are the prime factors of w?
2, 3, 5
Let b be 0/3*(-3)/6. Suppose b*d + 40 = d. Suppose x - d = 72. What are the prime factors of x?
2, 7
Let n = 72094 + -48895. What are the prime factors of n?
3, 11, 19, 37
Let t(v) = v**2 - 8*v + 6. Let j(m) = 3 - 27 - 5*m + m + 10*m. Let o be j(7). List the prime factors of t(o).
2, 3, 31
Suppose -50*f + 5*f = -297383 - 439312. What are the prime factors of f?
3, 17, 107
Let g = 66 + -68. Let k be 3/g*(-9940)/42. Let p = -253 + k. What are the prime factors of p?
2, 3, 17
Suppose 12*i - 6965 = 6403. List the prime factors of i.
2, 557
Suppose -5*q + 10261 + 9668 = 4*y, -3*y - 5*q = -14953. What are the prime factors of y?
2, 311
Let v(p) = 2*p**3 - 48*p**2 - 90*p - 154. What are the prime factors of v(37)?
2, 5, 13, 19
Let o(g) = -g**3 - 6*g**2 + 25*g - 3. Let d be o(-9). List the prime factors of (-141 - 0)*(35/d + -4).
5, 47
Let o = -714 + 708. Let w(y) be the third derivative of y**6/120 + y**5/10 - y**4/4 + 4*y**3/3 - 2*y**2. List the prime factors of w(o).
2, 11
Suppose -52 = l + 59. Let t = l + 337. Suppose 98 = 6*b - t. List the prime factors of b.
2, 3
Suppose 5*q + 3*q = 16. Let o be (-21)/9 + q - 28/(-12). Suppose -5*c - 15 = 0, 0 = -3*y + 3*c + 95 - o. What are the prime factors of y?
2, 7
Suppose 0 = -6*p + 2*p + 16. Suppose p = 4*a - 12. What are the prime factors of (-134)/(-2) + (0/a)/3?
67
Suppose 4*x = 5*z - 14, -7*x + 2*x = -3*z + 11. Let b = -132 + 135. Suppose -z*d = -b*o - 3*d + 104, -3*d = -4*o + 156. List the prime factors of o.
2, 3
Let b be (-5 + 42/3)*145. Let k = 2370 - b. List the prime factors of k.
3, 5, 71
Let w = -771 - -774. Suppose -w*v + 2260 = g - 1657, -v - 5*g = -1329. List the prime factors of v.
2, 163
List the prime factors of 3 - (2 - (-411762)/(-13)).
5, 7, 181
Let w = -1 + 3. Suppose 5*o + 8 + 17 = 0, 46 = 7*v - 5*o. Suppose s + q + v*q = 87, -w*s + 186 = 4*q. What are the prime factors of s?
3, 11
Let f = 29803 + -13172. List the prime factors of f.
16631
Let o(l) = 81*l**2 + 7 - 21 + 15 + 33*l**2. Let r be o(1). Let b = 240 - r. What are the prime factors of b?
5
Let d(p) = -2*p**3 - 139*p**2 + 360*p - 346. What are the prime factors of d(-74)?
2, 11149
Let n(h) = 8*h**2 + 47*h - 476. What are the prime factors of n(26)?
2, 17, 181
Let n(w) = -w + 4. Let p be n(10). Let s(y) = 3*y**2 + 5*y - 9. Let z be s(p). Suppose 4*q - z = 3*q. What are the prime factors of q?
3, 23
Let t(u) = u**2 + 1. Let i be t(-1). Suppose 0*p - 4*p + 162 = 2*q, -4*q + 294 = i*p. Let d = q + 7. List the prime factors of d.
2, 3, 13
Let x(t) = 3*t - 910. Let i be x(0). What are the prime factors of (30/(-7))/(26/i)?
2, 3, 5
Let h(f) = f**2 + 6*f - 5. Let v be h(-7). Suppose v - 8 = -2*y. What are the prime factors of 0 - (y - 0) - -215?
2, 53
Let h = -32242 + 38293. What are the prime factors of h?
3, 2017
Suppose -k - v = v + 27, 99 = -5*k - v. Let h = k - -24. Let t(z) = 8*z**2 - 10*z + 17. List the prime factors of t(h).
167
Let g(c) = c**3 + 17*c**2 - 27*c - 29. Let j(p) = 4*p**3 + 10*p**2 - 3*p - 6. Let f be j(-3). What are the prime factors of g(f)?
2, 7, 59
List the prime factors of (2440/10)/((-4)/(-44)) + 4.
2, 3, 7
Suppose -16*v + 13*v + 3*s + 33945 = 0, -5*v + 56593 = s. List the prime factors of v.
2, 5659
Suppose -473440 = -126*t + 38*t. What are the prime factors of t?
2, 5, 269
Suppose 0 = -2*o + o - 78. Suppose 0*q - q = -2*n + 109, -3*q - 335 = -4*n. Let p = o - q. What are the prime factors of p?
3, 13
Let l(r) = 7*r - 39. Let v be l(6). Suppose -v*j - 21 = -4*x, 3*x = -2*j - 1 + 4. What are the prime factors of ((-2)/((-4)/27))/(j/(-6))?
3
Let t = -162 - -70. Let z = t - -634. List the prime factors of z.
2, 271
Let j = -884 + 890. Suppose 3*o = t + 2955, j*o + 4925 = 11*o + 3*t. What are the prime factors of o?
5, 197
Suppose -3*b = -3*g - 9, 2*g + 10*b = 5*b + 29. Let h(i) = 11*i**3 - 4*i**2 + 3*i - 1. Let x be h(g). Let r = x + -63. What are the prime factors of r?
2, 7
Let b = 7810 - 4268. List the prime factors of b.
2, 7, 11, 23
Suppose 5*a - 2142 = -4*q, 4*a - 2*a + 3*q - 861 = 0. Suppose -5*x + a = -3*h, -21 = -5*x + 2*h + 403. List the prime factors of x.
2, 3, 7
Suppose 0 = 7*n + 2*t - 75418, -340*t + 35 = -335*t. What are the prime factors of n?
2, 2693
Let k(t) = -t**3 - 3*t**2 + 9*t - 1. Let b be k(-5). Suppose -b*n = -4*h + 1092, 2*h = 6*h + n - 1117. List the prime factors of (-21)/7*1/(-3) + h.
3, 31
Let l(j) = -848*j + 5879. What are the prime factors of l(-26)?
3, 29, 107
Let s be ((-114)/(-24) - 6)*44. Let c = s - -112. List the prime factors of c.
3, 19
Let g(r) be the first derivative of 43*r**2/2 + 121*r + 172. List the prime factors of g(10).
19, 29
Suppose 0*n + n - 5*q = 21, q = 5*n - 9. Suppose -5*m = -3*h + 2, 4*h - 21 = -3*m + n. Suppose h*u - 165 = -7*u. What are the prime factors of u?
3, 5
Suppose -9*m = -3464 - 1414. Let j = m + -337. List the prime factors of j.
5, 41
Suppose -2*s - 3*i = -81120, 3*i + 81132 = -287*s + 289*s. List the prime factors of s.
3, 4507
Let r = 85 + -83. Suppose r*n - 4*h + 7*h - 2683 = 0, -3*n + 4026 = 3*h. List the prime factors of n.
17, 79
Let d be (-378)/4 + 2/4. Let m(y) = -229*y - 2385. Let l be m(-11). Let a = l + d. What are the prime factors of a?
2, 5
Suppose -5*y + 30*l + 44719 = 29*l, 5*y + l - 44721 = 0. What are the prime factors of y?
2, 13, 43
Suppose 20*k + 988 = 15588. Let b = k - 313. List the prime factors of b.
3, 139
Suppose 7*p - 4*p = 6, 5*p = -2*l + 5826. What are the prime factors of l?
2, 727
Let z(w) = -3*w**3 + 23*w**2 - 22*w + 62. Let r(l) = 7*l**3 - 45*l**2 + 44*l - 123. Let j(t) = 2*r(t) + 5*z(t). What are the prime factors of j(20)?
2, 7, 29
Let n(f) = 2*f**2 - 79*f + 440. What are the prime factors of n(53)?
1871
Let l(g) = -8 + 5 - 10*g + 4*g. Let s be l(-1). Suppose 2*o = -5*z - 3*o + 140, -4*o + 79 = s*z. What are the prime factors of z?
3, 11
Let s be 238459/39 - (4/(-6) - -1). Suppose -15*y + 756 = -s. List the prime factors of y.
2, 229
Supp